70 is divided by 11779.
11776
What is the remainder when 9819799 is divided by 4905?
4894
What is the remainder when 106880886 is divided by 2161?
2148
Calculate the remainder when 739088 is divided by 10.
8
Calculate the remainder when 371829 is divided by 185.
164
What is the remainder when 4286970 is divided by 12835?
80
Calculate the remainder when 408389 is divided by 51046.
21
Calculate the remainder when 79459 is divided by 9685.
1979
What is the remainder when 1118262 is divided by 34932?
438
What is the remainder when 671022 is divided by 3926?
3602
What is the remainder when 512905 is divided by 255599?
1707
What is the remainder when 365600829 is divided by 64?
61
Calculate the remainder when 36555380 is divided by 17066.
8
Calculate the remainder when 3725961 is divided by 43.
11
Calculate the remainder when 14799133 is divided by 822171.
55
What is the remainder when 216887950 is divided by 46413?
1
Calculate the remainder when 2305548 is divided by 4256.
3052
What is the remainder when 72791 is divided by 3337?
2714
Calculate the remainder when 293455 is divided by 15483.
14761
Calculate the remainder when 21608 is divided by 1668.
1592
Calculate the remainder when 19470 is divided by 9702.
66
Calculate the remainder when 184341 is divided by 8289.
1983
Calculate the remainder when 54110446 is divided by 73.
72
What is the remainder when 630792 is divided by 128?
8
Calculate the remainder when 29674206 is divided by 2493.
27
What is the remainder when 36023 is divided by 35977?
46
What is the remainder when 496162 is divided by 1915?
177
What is the remainder when 155031 is divided by 3527?
3370
Calculate the remainder when 29342605 is divided by 3499.
3490
Calculate the remainder when 26306272 is divided by 4599.
4591
Calculate the remainder when 284216 is divided by 10916.
400
What is the remainder when 1280895 is divided by 107?
105
Calculate the remainder when 521349 is divided by 2730.
2649
Calculate the remainder when 890632 is divided by 363.
193
Calculate the remainder when 1821786 is divided by 128.
90
What is the remainder when 5410779 is divided by 18?
15
Calculate the remainder when 1365088 is divided by 51.
22
Calculate the remainder when 40511906 is divided by 202.
200
Calculate the remainder when 4152726 is divided by 244277.
17
What is the remainder when 19155148 is divided by 9577559?
30
Calculate the remainder when 86721 is divided by 12306.
579
What is the remainder when 25572058 is divided by 123?
112
Calculate the remainder when 455930 is divided by 507.
137
Calculate the remainder when 10709389 is divided by 2119.
2082
What is the remainder when 442598 is divided by 147522?
32
Calculate the remainder when 781676 is divided by 1486.
40
What is the remainder when 1996424 is divided by 1996414?
10
What is the remainder when 22706641 is divided by 1128?
1
Calculate the remainder when 15027423 is divided by 2984.
2983
Calculate the remainder when 2744814 is divided by 795.
474
What is the remainder when 51974974 is divided by 4331247?
10
Calculate the remainder when 5412769 is divided by 273.
271
Calculate the remainder when 259734 is divided by 23455.
1729
What is the remainder when 19072257 is divided by 18?
15
What is the remainder when 303567 is divided by 290?
227
What is the remainder when 12520208 is divided by 138?
20
What is the remainder when 1079017 is divided by 32?
9
What is the remainder when 65631 is divided by 1974?
489
Calculate the remainder when 97629 is divided by 32527.
48
What is the remainder when 34161 is divided by 2399?
575
What is the remainder when 187848 is divided by 217?
143
Calculate the remainder when 53127 is divided by 418.
41
What is the remainder when 14069637 is divided by 17?
12
What is the remainder when 18549533 is divided by 76969?
4
What is the remainder when 16973868 is divided by 522?
516
What is the remainder when 100016 is divided by 16591?
470
What is the remainder when 4342343 is divided by 234?
5
What is the remainder when 8211220 is divided by 4183?
4174
Calculate the remainder when 972982478 is divided by 58.
56
Calculate the remainder when 54708 is divided by 740.
688
What is the remainder when 1329890521 is divided by 8746?
8745
Calculate the remainder when 50281 is divided by 4665.
3631
What is the remainder when 118365 is divided by 120?
45
What is the remainder when 308676 is divided by 577?
558
What is the remainder when 3779448 is divided by 107?
101
Calculate the remainder when 290047 is divided by 96578.
313
What is the remainder when 23138 is divided by 5452?
1330
Calculate the remainder when 13754 is divided by 2152.
842
Calculate the remainder when 14934413 is divided by 2521.
9
What is the remainder when 501877 is divided by 501873?
4
Calculate the remainder when 1226280 is divided by 1226226.
54
What is the remainder when 238357 is divided by 1234?
195
What is the remainder when 3296748 is divided by 2629?
2611
Calculate the remainder when 8331 is divided by 3688.
955
What is the remainder when 3135382 is divided by 3135262?
120
Calculate the remainder when 291810 is divided by 145562.
686
What is the remainder when 1902967 is divided by 475734?
31
What is the remainder when 73108602 is divided by 814?
6
Calculate the remainder when 12096974 is divided by 355785.
284
What is the remainder when 5991021 is divided by 4751?
10
What is the remainder when 41608042 is divided by 167?
159
Calculate the remainder when 85986 is divided by 42703.
580
Calculate the remainder when 242898 is divided by 1481.
14
Calculate the remainder when 150289 is divided by 86.
47
What is the remainder when 650047829 is divided by 4946?
4941
Calculate the remainder when 68436470 is divided by 50.
20
What is the remainder when 121442 is divided by 1056?
2
Calculate the remainder when 82041 is divided by 307.
72
Calculate the remainder when 68810 is divided by 3320.
2410
What is the remainder when 554686 is divided by 138666?
22
What is the remainder when 286629 is divided by 118?
7
Calculate the remainder when 514284 is divided by 641.
202
What is the remainder when 43298941 is divided by 1862?
1855
What is the remainder when 1333327 is divided by 1819?
0
What is the remainder when 23297987 is divided by 54?
11
What is the remainder when 403099 is divided by 399076?
4023
What is the remainder when 11584820 is divided by 18776?
28
Calculate the remainder when 30520982 is divided by 213.
212
What is the remainder when 7594 is divided by 3045?
1504
What is the remainder when 1039364 is divided by 24?
20
What is the remainder when 3685325 is divided by 737062?
15
Calculate the remainder when 12091339 is divided by 128631.
25
What is the remainder when 22763081 is divided by 3974?
9
Calculate the remainder when 504848 is divided by 33630.
398
What is the remainder when 5667488 is divided by 809640?
8
What is the remainder when 523274 is divided by 10655?
1179
What is the remainder when 100775 is divided by 1901?
22
Calculate the remainder when 6732846 is divided by 53.
44
What is the remainder when 28802 is divided by 28775?
27
Calculate the remainder when 11586386 is divided by 197.
28
What is the remainder when 395201 is divided by 395172?
29
Calculate the remainder when 1650536 is divided by 68772.
8
What is the remainder when 1851655 is divided by 2046?
25
Calculate the remainder when 7744 is divided by 3517.
710
What is the remainder when 5590641 is divided by 74541?
66
Calculate the remainder when 4962663 is divided by 1872.
1863
Calculate the remainder when 30941413 is divided by 1854.
7
Calculate the remainder when 62688 is divided by 1360.
128
Calculate the remainder when 202746488 is divided by 117.
113
Calculate the remainder when 722550 is divided by 1270.
1190
Calculate the remainder when 13857018 is divided by 946.
10
What is the remainder when 31880 is divided by 29759?
2121
What is the remainder when 4290 is divided by 2051?
188
Calculate the remainder when 133609778 is divided by 2556.
2546
What is the remainder when 565818 is divided by 1283?
15
What is the remainder when 362968 is divided by 426?
16
What is the remainder when 16822658 is divided by 623061?
11
Calculate the remainder when 269966565 is divided by 724.
721
What is the remainder when 3550655 is